hat is the units digit of a(v)?
1
Suppose 90*h = 91*h - 83. What is the units digit of h?
3
Suppose -h + 222 = 3*n, n - 2 = -0. Suppose 5*a = a + h. Suppose -2*v = -5*r + a, -v - 2*v - 15 = -2*r. What is the units digit of r?
2
Let h(d) be the third derivative of d**6/120 - d**5/12 - d**4/24 - 7*d**3/6 - d**2. Let v be h(5). What is the tens digit of (-75)/6*v/15?
1
Let i = 19 - 11. Let o be ((-1)/(-2))/(4/(-296)). What is the units digit of o/(-4) + (-2)/i?
9
Let f(j) = 3*j**2 - 4*j - 13. What is the units digit of f(-5)?
2
Suppose x + 3 = 15. Suppose 0*p - x = -2*p. What is the units digit of p?
6
Let g(n) = n**3 + 9*n**2 - 5*n + 9. What is the units digit of g(-9)?
4
Let m be ((-117)/(-6))/(-3)*-2. Suppose 0 = -3*a + m - 1. Suppose -2*r - a*d + 48 = 0, 7 + 3 = 2*d. What is the units digit of r?
4
Let p(l) be the second derivative of -3*l + 1/2*l**3 - 5*l**2 + 0. What is the units digit of p(7)?
1
Suppose -q + 6*q - 15 = 0. Let w be (-2)/(-3) + 13/q. Suppose -24 = -w*a + 16. What is the units digit of a?
8
Let a = 5 + -4. Let t be a + 1 + 0 + 0. Suppose -2*j + 3*j - 3 = -3*p, -t*j - p = -16. What is the units digit of j?
9
Let y(z) = z + 1. Let o be y(-3). Let s(t) = 16*t**2 + 3*t + 1. Let g be s(o). Let m = g - 40. What is the units digit of m?
9
Let k be 30 - 0/1 - 2. Suppose 3*i = 7 - k. Let w(y) = -y - 4. What is the units digit of w(i)?
3
Suppose 0 = 4*a - 8, 0 = 7*q - 2*q - a - 548. What is the tens digit of q?
1
Suppose -49 - 7 = 4*p. What is the units digit of p/(-3) - 3/(-9)?
5
Suppose -12 = 3*s, -4*u + 5*s - 4 + 16 = 0. What is the units digit of (-1 + -1)/(u/3)?
3
Suppose k + 21 = o + 5*k, -2*k - 39 = -5*o. What is the units digit of o?
9
Let f(g) = g**2 + 3*g - 4. Let u be f(-3). What is the tens digit of (0 - 1) + (u - -15)?
1
What is the tens digit of ((-78)/(-5))/((-18)/(-45))?
3
Let c = -29 + 31. What is the units digit of c?
2
Let h(d) be the second derivative of d**4/6 + 2*d**3/3 + 5*d**2/2 + d. Let z be h(-6). Let p = -38 + z. What is the units digit of p?
5
Let c(z) = 3*z**2 + 4*z + 2. Let i be c(-2). Let l be (i/3 - 2)/1. Suppose a - 2 = -l*a. What is the units digit of a?
2
Let q = -20 - -35. Let w = q + -13. What is the units digit of w?
2
Let d(m) = -m + 26. Let n(c) = 3*c - 4. Let k be n(7). What is the units digit of d(k)?
9
Let o(j) be the first derivative of j**2/2 - 6*j - 1. Suppose -4*w - p + 38 = 9, 5*w - p = 34. What is the units digit of o(w)?
1
Suppose -5*i = -2*n - 32, 5 - 30 = -4*i + n. Suppose 3*r - 12 = i. Suppose -z + r = z. What is the units digit of z?
3
Let c = -2 + 3. What is the units digit of c?
1
Suppose 4 = 2*o + 10, -w + 5*o + 12 = 0. Let i(a) = a**3 + 4*a**2 - 3*a + 3. What is the tens digit of i(w)?
2
Let u = 19 + -10. Let j(x) = -x**2 + 10*x + 7. What is the units digit of j(u)?
6
Let o(j) = j**2 - 4*j + 42. Let p be o(0). Let n = 12 - -15. Let b = p - n. What is the units digit of b?
5
Suppose 3*n - 20 = 7*n, 16 = 2*j - 4*n. Let x be (0/j)/(-1 - -2). Suppose x = k + 4*k - 40. What is the units digit of k?
8
Suppose -43*p + 44*p = 121. What is the units digit of p?
1
Let u = -528 + 800. What is the hundreds digit of u?
2
Suppose 112 + 22 = d + 5*v, -3*d - 4*v = -413. What is the tens digit of d?
3
Let u(o) = 2*o - 8. Suppose 0 = -3*d + 18 + 6. What is the units digit of u(d)?
8
What is the units digit of ((-45)/36)/(2/(-8))?
5
Let x(l) = -4*l + 3*l + 12 - 19 + 4*l. What is the tens digit of x(7)?
1
Let l = 8 - 5. Suppose 57 = 2*r + d - 2*d, -129 = -4*r - l*d. Suppose r = 3*k - k. What is the tens digit of k?
1
Let d = -48 + 72. Let u = d + 5. What is the units digit of u?
9
Let q be 15/21 - (-4)/14. Let l be 6/2 - 0/q. Suppose 33 = l*j + 3*z, -34 = -2*j - 3*j + 2*z. What is the units digit of j?
8
Let c be (12 + 0)*2/6. Suppose -5*q = 0, 54 + 0 = b + c*q. What is the tens digit of b?
5
Suppose 0 = b - 0*c + c + 7, 5*c = -20. Let o be 4*b/6 + 2. Suppose 0 = -z - 3*m - o*m + 8, -2*z = -3*m + 2. What is the units digit of z?
2
Let c = 44 - 11. Suppose 0*q = 3*q - c. What is the units digit of q?
1
Let l = -12 - -12. Suppose l = b + 4*b - 60. What is the tens digit of b?
1
Let k = 44 + -20. Let r = -12 + k. What is the units digit of (-37)/(-3) - 4/r?
2
Let j = 90 + -54. What is the units digit of j?
6
Let o(f) = f**2 + 7*f - 10. Let d be o(-8). Suppose 2*u = 2*q + 6, -4*u + 5*q - 10 + 27 = 0. What is the units digit of d - (1*-12 - u)?
8
Suppose 5*f = 5, -2*d + 29 = -0*d + 5*f. Let g = 0 + d. What is the units digit of g?
2
What is the units digit of (-87)/((-4 - (-6)/3)/2)?
7
Suppose 368 = 5*g - 4*w + 7*w, -2*g - 4*w + 150 = 0. What is the tens digit of g?
7
Suppose 0*h + 24 = 3*h. Let b = 6 + h. What is the units digit of b?
4
Let d = -5 + 126. What is the hundreds digit of d?
1
Let b = -79 + 46. Let h be (-2)/(-8) - b/12. Suppose -2*j = -h*d - 2*d - 6, 3*j - 22 = d. What is the units digit of j?
8
Let u(z) = -5*z + 26. What is the tens digit of u(-9)?
7
Let w(a) = 3*a**2 + 18*a + 16. What is the hundreds digit of w(-10)?
1
Suppose 179 = 4*b - 261. What is the tens digit of b?
1
Let r(q) = q**2 - 5*q + 3. Let y be r(5). Let d be (-1)/((y + -2)/2). What is the units digit of (-1 - 0/d)/(-1)?
1
Let z = 52 + 30. What is the tens digit of z?
8
Suppose -5*x = -3*k - 15, -2*x - k - 10 = k. Let l = x - -2. Suppose -l*s - 2 = -18. What is the units digit of s?
8
Let i be (-43)/(-2) + (-3)/6. Suppose 5*k - 39 = i. What is the units digit of k?
2
Let r be (-2)/(2 - 4)*43. Let t = -22 + r. What is the tens digit of t?
2
Let d(t) = -11*t**2 - 2*t - 1. Let c be d(-1). Suppose -2*f - 105 = 3*f. Let v = c - f. What is the units digit of v?
1
Suppose 39 + 21 = 5*g. Suppose 2*r + 5 = r + 4*m, -3*m = -5*r + 9. Let c = g - r. What is the units digit of c?
9
Let i = 8 + -5. Suppose -4*v + 8 = 2*w, -v + i*v + 4*w + 8 = 0. What is the units digit of (v - 5)/((-2)/10)?
5
Let n be (2/(-4))/((-2)/(-24)). Let q(k) = -2*k - 6. What is the units digit of q(n)?
6
Let j = 27 + -14. What is the tens digit of j?
1
Let i = 2 - -3. Suppose 0 = i*n - 39 + 9. What is the units digit of n?
6
Let c = -6 - -10. Suppose 3*l - 28 = -z - c*z, -l + 36 = -5*z. What is the tens digit of l?
1
Let d(j) = j**3 + 2*j**2 - j + 4. Let k be d(-3). Let n = 0 - k. What is the units digit of n?
2
Suppose 0*u = -3*u + 2*o + 217, 3*o = -3*u + 207. Suppose 0 = 3*a - 5*b - 105, -5*b + 34 = 4*a - u. What is the units digit of a?
0
Let m = -71 - -112. What is the units digit of m?
1
Let b be -1*(-3)/(-6)*0. Suppose b = 2*s - 6 - 0. Suppose -s = -k - 1. What is the units digit of k?
2
Let l(o) = 15*o + 214. What is the hundreds digit of l(0)?
2
Suppose -3*u + 375 = 3*f, -2*u + 2*f = u - 375. Suppose -u = -4*a - a. What is the units digit of a?
5
What is the tens digit of (-690)/(-20) - 3/(-2)?
3
Let t be 1/4 + (-75)/12. Let y = 10 + t. Suppose 40 = y*u + u. What is the units digit of u?
8
Let a = 2 - 1. Suppose -2 = -w, 2*n - 2*w = a + 1. What is the units digit of n?
3
What is the units digit of 100 - (4 - (-3 + 4))?
7
Let h(w) be the first derivative of 3*w**2/2 - 2. What is the units digit of h(2)?
6
Suppose -h - 9 = -4*l, -4*l = -3*h + 3 - 6. Let y(j) = -4*j + l*j + 4 - 1. What is the units digit of y(-3)?
6
Suppose 4*b + b - 80 = 0. What is the units digit of b?
6
Let s(q) = -5*q**3 - 24*q**2 + 4*q + 10. Let m(x) = -3*x**3 - 16*x**2 + 3*x + 7. Let g(v) = -8*m(v) + 5*s(v). What is the units digit of g(7)?
5
Let b(k) = 2 + 8*k - 4 + k. Let z be b(3). Let f = z - 11. What is the tens digit of f?
1
Let z(o) = -2*o - 5. Let f be z(-5). Suppose 5*a + 57 = s, -129 - 87 = -f*s + 2*a. What is the tens digit of s?
4
Let g(y) = 8*y - 13. What is the units digit of g(6)?
5
Let k(p) = -3 - 3*p**2 + 0*p**2 + 5 + 0*p**2. Let r be k(2). Let z = -9 - r. What is the units digit of z?
1
Suppose -2*z + 1 + 3 = -u, -10 = -5*z + 3*u. Suppose 9 - 5 = -z*m. What is the units digit of m/(-11) + 36/44?
1
Let c(d) = d**3 + 10*d**2 - 12*d - 8. What is the units digit of c(-11)?
3
Let b = -38 - -68. What is the tens digit of b?
3
Suppose 0 = -3*i - 5*q + 489, 0 = -0*i - i + 3*q + 163. What is the tens digit of i?
6
What is the units digit of (-1)/(-2)*-8 + 232?
8
Let o = -1 - -6. Let p(y) = 0 - 6 + 2 + 6*y**2 - o*y**2 + 3*y. What is the units digit of p(-5)?
6
Suppose 2*t